e 1 + -39 - (896 + -872) - -10.
-52
Evaluate (7 - 2 - (3 + -33)) + 3 + (-20 - -25).
43
-12 + 6 + (25 + -12 + -16 - -10) + -96
-95
What is (-1 - -58) + -886 + 952 + (-51 - -1)?
73
24 - (1892 + -1911 + (1 + 15 - 1))
28
Evaluate 119 + -121 - (-16 - (1 - 4)) - 30.
-19
What is 8 - (4 + ((-8 - (21 + -9)) + -7 - -8))?
23
Evaluate -27 + (-36 - -66) + 78.
81
What is the value of -12 - (-14 - (0 + (-9 + 10 - 14)))?
-11
2 - (-43 + 10) - (-3 - -1)
37
Evaluate 76 - 104 - (-18 + 44 + -21).
-33
Evaluate -166 + 161 + (3 + -7 - -3 - 36).
-42
What is 2 + (-55 - -3 - (-1 - (-17 - -21)))?
-45
Calculate 46 - 102 - -96 - 32.
8
Calculate (-56 - -10) + 27 + 22.
3
What is (30 - 14) + (-2 + -2 - -2) + -12?
2
What is the value of 14 - (94 + (-32 - 16))?
-32
Evaluate -41 - (-35 + -15) - 43.
-34
What is 6 + (-21 - 5 - -47) + 16?
43
What is the value of 16 - ((16 - -20) + -13) - 1 - -7?
-1
What is -35 - -59 - 38 - -5?
-9
(-171 + 146 - (-40 - 4)) + -33
-14
Evaluate 38 + (-11 - (-5 + 21 + -7)) - 122.
-104
Calculate 230 + (-98 - 52) - (4 + -3 - 14).
93
Evaluate -20 - ((16 - (-12 - -26)) + -83).
61
(2 - 4) + 88 + -76 + (1 - 20)
-9
Evaluate (-1 - -45) + (3464 - 3536).
-28
What is (34 - 75 - -47) + -42?
-36
(-28 + -23 - -31) + (3 - (5 + -9))
-13
16 + 2 - (64 - (20 - 80))
-106
Evaluate 71 + (29 + -17 + -27 - -6).
62
Calculate -2 + (1 - (1 - 5)) - 15 - (1885 - 1942).
45
Calculate (9 + -38 + 18 - -16 - (0 - 55)) + 13.
73
What is the value of 77 + (96 - 93) + -110?
-30
Evaluate -1 + 3 + 0 - 22 - (-1601 - -1498).
83
What is the value of 57 - (14 + 24 + -19 + -8)?
46
Calculate -35 - (-45 + (-12 - 70)).
92
What is -1 - (68 - -12) - (-1 - (21 - 25))?
-84
Evaluate (0 - 1) + (16 - (-5 + 7 + (-18 - -9))).
22
What is (40 - 188 - -153) + (5 - (1 - 0))?
9
What is the value of 9 + -635 + 647 + (2 - (-1 + 45))?
-21
What is 17 - (30 - 17) - ((-26 - -5) + -5)?
30
What is the value of -4 - (142 - (27 - -47))?
-72
What is the value of (-10 - (32 + -32)) + -1?
-11
What is -54 - 10 - -43 - (0 + 40)?
-61
What is the value of (30 - -60) + -177 + 106?
19
(302 - 311) + 10 + -2 + -45
-46
29 - (-15 + 65 + -11)
-10
Evaluate 3 - 11 - (31 + 0 - 53).
14
Evaluate -3 + -102 - (-3 - -17 - (0 + 30 - 31)).
-120
10 + 35 + -25 + 38
58
Evaluate 217 - 167 - (13 - -115).
-78
What is 13 + 0 + -5 + 2 + -5 + (-6 - 1)?
-2
What is the value of -11 - (6 + -10 + -9 + (-16 - -33))?
-15
383 + -299 - (4 - (-2 + 2))
80
-8 - (-59 + (-33 - -27)) - -17
74
Calculate (-103 - (21 - 88)) + 106.
70
-41 - (-7 + -21 + 9 - -33) - (0 + -4)
-51
What is 20 + -8 + 14 + (-4 - 2 - 9) + 1?
12
What is the value of -23 + (3 - -9) - (-8 + 9 + (-50 - -7))?
31
Evaluate (12 - 26 - -17) + -13 + 4.
-6
What is (16 + -1 - (93 + -85)) + -47?
-40
What is the value of 21 - (27 - -17 - 5) - -2?
-16
What is the value of -31 - ((2 - (-27 - -23)) + (5 - (1 + -1)))?
-42
(-89 - (4 - (1 - 0))) + 342 + -348
-98
What is (-9 + 151 - 146) + -84?
-88
What is the value of -66 + 121 - 56 - (-39 + -1)?
39
What is the value of -49 + 0 - (-4625 + 4560)?
16
Calculate 0 - (-3 - 2) - (-80 - -9 - 26).
102
17 + 1 + (-13 + (115 - 15) - -20)
125
(-64 - -17) + (-54 - -48) - 36
-89
What is (-23 + (-2 - -10 - 2) - (2 - 10)) + -32?
-41
-7 + -3 + (6 - 4) + 118 + 107 + -119
98
What is the value of 40 - (71 - 27) - (1 + -2 - -35)?
-38
-29 + -1 - (-10741 - -10693)
18
Evaluate 62 - 29 - 30 - 23 - 51.
-71
What is the value of -57 + 0 + (292 + -279 - (3 - (-4 - -4)))?
-47
What is the value of -55 + 170 - 97 - -80?
98
What is the value of 17 - ((-2 - -75) + 8 + (56 - 53))?
-67
What is 1 - -60 - (4435 + -4433)?
59
Evaluate (-2 - 2) + -20 + -20 + (435 - 455).
-64
What is the value of 96 - (193 + -108 + 104)?
-93
1 + (-7 - (13 - 20 - 5) - 8)
-2
What is (-55 + -7 - 19) + -65?
-146
What is (-80 + 63 - (-9 + (1 - -5))) + 25 - 78?
-67
What is 3 + 1 + -43 - (1140 + -1156)?
-23
What is (154 - 164) + 8 + 0 + (9 - 46)?
-39
Calculate (3 - -84) + (-705 - -660).
42
Calculate 104 - 109 - (-43 - 80).
118
Evaluate (49 - -3) + (-23 - (4 + -23)) + -3.
45
Calculate 7 + 8 + (4 - -5) + -15 + (-15 - -80).
74
Calculate -8 + -14 - (-41 + 25).
-6
Evaluate -2 + -4 + 34 + -25 + -11 + 50.
42
What is the value of (90 - 92 - 48) + -6 + 10?
-46
Evaluate 51 + -50 + 15 + -7 + 16.
25
What is -69 + (-50 - -23 - -54)?
-42
Evaluate 29 + (-55 - -28) - (1 - (58 - 0)).
59
(3 - 10) + 138 + -142 + 69
58
What is -7 - (13 + -38) - (2 - -31)?
-15
What is 13 + 40 + (44 - 113)?
-16
What is -83 - (-35 - (-21 - -49))?
-20
(-7 - -14) + -38 + 42 + -5 + 1
7
Calculate 15 + (-26 - -72) + -32.
29
What is -36 + 59 + (34 - 52) - (7 - -2)?
-4
What is -4 - -4 - (10 - (5 + -14 + 9 - 17))?
-27
What is 14 + 1 + (-328 - (-3 - 234))?
-76
What is the value of 34 - (-76 + (46 - -58))?
6
Evaluate (-3 - 2 - -3) + (-75 - -42).
-35
Calculate 57 + -46 + -5 - 73.
-67
(-47 - -4) + (-9 - (-11 - 10 - 3))
-28
-3 - (-12 - (18 + -33 - -20))
14
What is the value of (69 + 4 - 1) + -5 + -4 + -4?
59
Evaluate (1 - 11) + -1 + (3003 - 3018).
-26
Calculate -33 - (51 + -94) - (-10 + -3).
23
Evaluate 1 + 36 - (-7 - -5) - (3170 - 3158).
27
What is 26 + (-42 - -30) + 13 + -30?
-3
Evaluate (-3 - (5 + -1)) + (53 - (-9 - (-9 + -9))).
37
What is the value of 132 + -1 - ((28 - (-13 - -40)) + 18)?
112
(164 - 222) + (-6 - -52)
-12
(-1 - 7) + 139 + -148 + 7 - -2
-8
Calculate 51 + 0 - (-740 + 803).
-12
What is 0 - (-26 + 37 - (-7 + 1 - 0))?
-17
What is the value of (-12 - (10 + (16 - 26)) - -2) + -6?
-16
Calculate 89 - (-87 + 80 + 132).
-36
What is -9 - 0 - (28 + 86 - ((13 - 30) + 34))?
-106
What is 78 + -11 + -69 + -57?
-59
What is the value of 85 - ((201 - 67) + -104)?
55
Calculate -37 - (6 - 2) - -12 - -77.
48
What is the value of -10 + (17 - (9 - -24)) - (1 + 7 - 2)?
-32
What is the value of -16 + 1 + (-21 + 76 - 13)?
27
What is the value of (-14 - -2) + -40 + (17 - (16 - 16))?
-35
Evaluate -133 + 112 + (13 - 2) + 17.
7
Calculate 16 + (1 - -15) + (-394 - -358).
-4
What is the value of (-11 - (-104 - -100)) + -13?
-20
-445 + 443 - (4 + (5 - -55))
-66
(28 - 1) + (-17 - (16 + (19 - 50 - -7)))
18
What is (74 - 1) + ((-9 - -16) + -30 - -24 - -7)?
81
Evaluate (-6 - -1) + 16 + (-23 - 25) + -83.
-120
Calculate -4 + 1 + (171 - (-40 + 144)).
64
-17 + (3 - 3 - (2 - 3) - (30 - 28))
-18
(11 + 6 + -5 - (1 - 0)) + -2 + -98
-89
Calculate 1 + -2 + 1 + 3 - (363 + -128 + -231).
-1
Calculate (15384 - 15371) + (-26 - 0).
-13
What is the value of -63 - (751 + -766 + -2 + 1)?
-47
What is (316 + -136 - 228) + 4 + 6 + (-3 - -1)?
-40
Calculate 8 - (-1 + 2 + -12 + (20 - (27 + -12))).
14
What is 94 + -96 + -2 + -6?
-10
What is the value of 0 - 22 - ((30 - 60) + -9)?
17
Evaluate -44 - (-7 - (-16 - (11 - 21)) - -6).
-49
What is -56 + (119 - 57 - -41)?
47
What is the value of 52 + -1 - (-1321 - -1432)?
-60
What is the value of 53 - (-75 - -206) - -52?
-26
37 + 1 - ((-92 - -200) + -96)
26
-6 + -52 + (-27 - -26 - ((5 - -11) + -7))
-68
What is the value of -14 + 24 + 120 + -69?
61
Evaluate 9 - ((-8 - -75) + -3) - (5 + -14 + 3).
-49
Calculate 290 + -250 - (25 + 40).
-25
Calculate -35 - (-13 + 11 + -49 + 34).
-18
What is -47 + -2 + (32 + -52 - -24)?
-45
Evaluate -3 + 0 + -94 + 100 + -8 + 16 - -29.
40
What is -14 - -136 - 19 - 33 - 15?
55
Calculate 494 + -477 + (-2 - (4 + 0 - -1)).
10
Calculate (2 - 30) + 46 - (-21 - 32).
71
What is the value of -14 - (-30 + 28 + -2)?
-10
Calculate 0 + -4 + 3 + (37 - 42) + 11 - 10.
-5
Evaluate 17 + 32 - (-35 - -46).
38
-20 + 1 + (208 - 18) + -35 + -57
79
Calculate (3 - -14) + 41 + -109 + 40.
-11
What is 68 + (9 - 82) + -2 + (-1 - 6)?
-14
-1 + 2 + -2 + (-4104 - -4080)
-25
Calculate 8141 + -8123 - (-17 + (-2 - (-2 - -2)) + 5).
32
-1 + -40 + 2 - (-66 + 71)
-44
Evaluate 3 + (-1 - (18 - 28)) - (-28 + -3).
43
369 + -369 - ((29 - -17) + (2 - -6))
-54
Evaluate 39 + -20 - (14 - (18 - 18)) - (0 + 7).
-2
Evaluate 9 - ((-7 - (-33 + 18)) + 17).
-16
Evaluate -16 + (-24 - (-49 - 8)).
17
-20633 + 20508 + 1 + 100
-24
63 - (-5 + (101 - 39))
6
Calculate (-69 + 8 - -229) + -58.
110
Calculate -410 + 394 + (34 - 0) + -1 + 31.
48
What is the value of -180 - (-232 + 55) - (-82 - 1)?
80
Calculate 27 + (17 - 39) - (14 + -1) - (-2 + -39).
33
Calculate (13 - 38) + (25 - 8).
-8
(-151 - -98) + (48 - 30)
-35
What is -10 - (-4 - (-12 + -5) - (15 - (-28 - -29)))?
-9
What is (2 + -7 - 1) + 9 + (8 - -7 - 11)?
7
Calculate -